e number?
True
Is 21210979 a composite number?
False
Is 3890179 a composite number?
False
Is 205858681 a composite number?
True
Is 190678283 a composite number?
False
Is 4180051 prime?
True
Is 241231 prime?
False
Is 20477999 prime?
False
Is 27073307 a composite number?
True
Is 47194787 composite?
True
Is 75611401 composite?
False
Is 5394121 composite?
True
Is 5802419 a composite number?
True
Is 417863 composite?
False
Is 5683481 a composite number?
False
Is 25854143 a prime number?
False
Is 90875263 prime?
True
Is 8187197 prime?
True
Is 59781413 composite?
False
Is 1121723 a composite number?
False
Is 1864585 composite?
True
Is 108354733 a prime number?
False
Is 8757923 a prime number?
False
Is 2541137 a prime number?
False
Is 73310033 composite?
False
Is 4115681 prime?
True
Is 345469 composite?
True
Is 8582561 composite?
True
Is 88551467 composite?
True
Is 522737 a prime number?
True
Is 147499031 a composite number?
False
Is 1974811 prime?
False
Is 356580217 prime?
False
Is 10173767 composite?
False
Is 54714973 prime?
True
Is 5377243 composite?
False
Is 16281179 a composite number?
False
Is 9566599 prime?
False
Is 1069423 a prime number?
False
Is 70279229 prime?
True
Is 3536447 prime?
False
Is 19023761 prime?
True
Is 8390513 prime?
True
Is 221373499 a prime number?
True
Is 20851321 a composite number?
False
Is 111905 prime?
False
Is 73264739 prime?
False
Is 1667863 composite?
False
Is 4392757 a prime number?
True
Is 9755521 a composite number?
False
Is 18648529 composite?
False
Is 8196557 a prime number?
True
Is 44687129 composite?
False
Is 17683577 a prime number?
True
Is 6544247 a composite number?
True
Is 6083123 a prime number?
True
Is 342112717 prime?
True
Is 289343 composite?
False
Is 329699 prime?
False
Is 1681091 composite?
False
Is 11340741 a prime number?
False
Is 2549977 a prime number?
False
Is 10510303 prime?
True
Is 437594821 a prime number?
True
Is 662089 composite?
True
Is 518599 prime?
False
Is 826271 composite?
False
Is 9677477 prime?
True
Is 6349279 a prime number?
False
Is 5401727 composite?
False
Is 92135011 a prime number?
True
Is 7423693 a composite number?
False
Is 373903 a composite number?
False
Is 856831 a prime number?
True
Is 135368291 prime?
True
Is 18598973 a prime number?
False
Is 42685871 prime?
True
Is 55898131 composite?
False
Is 7916605 a composite number?
True
Is 9173441 prime?
True
Is 1173659 a composite number?
True
Is 68849147 a prime number?
False
Is 68767943 a prime number?
False
Is 75553277 a prime number?
False
Is 51055381 composite?
True
Is 32352061 a composite number?
True
Is 6589085 prime?
False
Is 55372367 a prime number?
True
Is 558469 a composite number?
False
Is 9213961 a prime number?
False
Is 3490681 composite?
False
Is 1661372101 composite?
False
Is 134749031 prime?
False
Is 22260431 a composite number?
False
Is 2250089 prime?
True
Is 937767827 composite?
False
Is 434106349 prime?
True
Is 120546809 a composite number?
False
Is 15114419 composite?
False
Is 71465227 prime?
True
Is 930493 a composite number?
True
Is 2246659 prime?
False
Is 11838479 prime?
True
Is 28464191 prime?
False
Is 56518789 a composite number?
True
Is 179734 prime?
False
Is 1126527 a composite number?
True
Is 51260791 a composite number?
False
Is 205704194 a prime number?
False
Is 3528961 prime?
True
Is 118077997 a prime number?
True
Is 41277359 composite?
False
Is 537841 a prime number?
True
Is 2327389 composite?
True
Is 8967287 composite?
True
Is 30765277 prime?
False
Is 53687383 prime?
True
Is 93163739 a composite number?
False
Is 89477 a composite number?
False
Is 20504053 a composite number?
False
Is 22625873 a composite number?
False
Is 126060367 composite?
False
Is 960047 composite?
True
Is 2348429 a composite number?
False
Is 40976627 a composite number?
False
Is 72485087 a composite number?
False
Is 904035481 composite?
False
Is 14297677 a composite number?
False
Is 8289521 a composite number?
False
Is 20322277 a composite number?
True
Is 1197901 composite?
False
Is 1097293 a composite number?
False
Is 5619919 prime?
True
Is 16483879 a composite number?
True
Is 27951241 a composite number?
False
Is 109965373 a composite number?
True
Is 39276122 a prime number?
False
Is 8415173 a composite number?
True
Is 9368171 a prime number?
False
Is 15916741 composite?
False
Is 278458567 prime?
False
Is 37583929 a prime number?
True
Is 41263501 a prime number?
True
Is 152963969 composite?
False
Is 694843 a prime number?
False
Is 627338689 composite?
False
Is 2454833 prime?
True
Is 2104997 a composite number?
True
Is 2165923 prime?
False
Is 17794537 composite?
True
Is 2752567 a composite number?
True
Is 33243593 a composite number?
False
Is 14790157 a composite number?
False
Is 6724583 composite?
False
Is 13638983 a composite number?
True
Is 9308701 a composite number?
False
Is 5175017 composite?
True
Is 38488037 a prime number?
False
Is 32261819 composite?
True
Is 43385741 a prime number?
False
Is 12090853 composite?
False
Is 414904381 a prime number?
True
Is 1547447 composite?
True
Is 709224917 composite?
True
Is 2122595 composite?
True
Is 206049 a composite number?
True
Is 416422813 a composite number?
False
Is 22970945 composite?
True
Is 29030258 composite?
True
Is 16903399 composite?
False
Is 1908421 composite?
False
Is 203776567 a composite number?
False
Is 332931259 prime?
False
Is 27622459 composite?
True
Is 3679261 a composite number?
False
Is 4674419 prime?
False
Is 406108759 composite?
True
Is 430259 composite?
False
Is 225497 a prime number?
False
Is 2531069 prime?
True
Is 174213934 composite?
True
Is 93969859 a composite number?
True
Is 2845631 a composite number?
False
Is 1542873011 a composite number?
False
Is 2313047 prime?
False
Is 2410669 a prime number?
False
Is 579659 a prime number?
False
Is 32051918 prime?
False
Is 24847321 a prime number?
True
Is 1169185 prime?
False
Is 1846147 a composite number?
True
Is 4222219 a prime number?
True
Is 60842597 prime?
True
Is 22944841 composite?
False
Is 44880331 a composite number?
False
Is 113186603 a composite number?
True
Is 36866135 composite?
True
Is 32464009 composite?
False
Is 276323519 a prime number?
False
Is 142510546 composite?
True
Is 21155887 a prime number?
True
Is 119049479 prime?
False
Is 1866609478 a prime number?
False
Is 121723859 a composite number?
True
Is 5758061 a composite number?
False
Is 4650139 prime?
False
Is 9056513 a composite number?
True
Is 5656369 a composite number?
True
Is 10831971 prime?
False
Is 1050941899 composite?
True
Is 5645383 a composite number?
False
Is 186594667 a composite number?
True
Is 4401593 a composite number?
True
Is 1490557 a composite number?
False
Is 19461823 composite?
True
Is 241078151 a composite number?
True
Is 106531 prime?
True
Is 4809101 prime?
False
Is 32897413 a prime number?
True
Is 9326203 prime?
True
Is 5114563 composite?
True
Is 7503521 prime?
True
Is 329010439 composite?
False
Is 2566747 a prime number?
True
Is 42673271 a composite number?
False
Is 18657253 a prime number?
False
Is 15898601 a composite number?
True
Is 152580851 a composite number?
False
Is 29582914 composite?
True
Is 11511191 a composite number?
False
Is 139821505 a composite number?
True
Is 791194 a composite number?
True
Is 1167791 a composite number?
False
Is 33534463 a composite number?
True
Is 16875503 a composite number?
False
Is 14254633 prime?
True
Is 16770781 composite?
False
Is 129556811 a composite number?
True
Is 3720667 a composite number?
False
Is 4640101 composite?
True
Is 830719 composite?
False
Is 76295231 prime?
True
Is 4514149 a composite number?
True
Is 4908107 a composite number?
False
Is 1365873 composite?
True
Is 10022371 a prime number?
False
Is 499309 a composite number?
False
Is 1964545103 composite?
False
Is 268972811 composite?
False
Is 320526445 composite?
True
Is 784803 a prime number?
False
Is 2815773 composite?
True
Is 102659363 composite?
False
Is 97441637 a composite number?
True
Is 2135839 a prime number?
False
Is 4297217 composite?
True
Is 3411641 a prime number?
True
Is 903167 composite?
True
Is 458727323 prime?
False
Is 4235821 composite?
True
Is 14664515 composite?
True
Is 637933 a composite number?
False
Is 61543 prime?
True
Is 11687939 a composite number?
False
Is 32564713 a prime numb